5 + 299. What is the units digit of z?
4
Let y = 61 - 4. What is the units digit of y?
7
Let k = -11 + 13. Suppose k*p + 1 = 3*p, 2*t - 5*p = 53. What is the tens digit of t?
2
Let p(g) = -g**3 - 10*g**2 + 5*g - 13. What is the tens digit of p(-11)?
5
Suppose 0 = -0*t + 3*t. Suppose 2*d - 9 - 5 = t. What is the units digit of d?
7
Let l(b) = b**2 + 5*b + 5. Let w be l(-5). Suppose -w*x + 7 = 4*z + 20, 0 = 3*x - 3*z - 3. What is the units digit of 2*3 + (x - -2)?
7
Let z = 1 - 2. Let j = z + 2. Suppose j = -2*o + 9. What is the units digit of o?
4
Suppose 0 = 4*i + 4*m + 29 - 1, -5*m - 29 = 4*i. Let s be (-14)/(-6) + (-4)/i. Suppose 2*a + 5 = a + s*b, 5 = 5*a - 5*b. What is the units digit of a?
4
Suppose 0 = -4*w + u - 80, 3*w - 2*u + 84 = 24. Let o = w - -37. Suppose 0 = 2*h + 3*l - 8 - o, -2*h + 3*l = -7. What is the units digit of h?
8
Let z be -3 - (2 - 8) - -14. Suppose -3*f = -f - 20. Let x = z - f. What is the units digit of x?
7
Suppose 5*c - 88 = 3*c. Let l = 62 - c. What is the units digit of l?
8
Let h be 1/(-2)*(-1 - -7). Let q be h/(-2*(-2)/(-104)). Suppose q = 4*f - 3*s + 8, f - s - 18 = 0. What is the units digit of f?
6
Suppose -9*p = -41 + 131. Let g = 6 + -3. Let a = g - p. What is the units digit of a?
3
Let y = -30 - -53. Suppose 3 = k - y. What is the units digit of k?
6
Suppose a = 4*a - 45. Suppose c + 0*c - a = 0. What is the units digit of c?
5
Let c = -17 - -90. What is the units digit of c?
3
Let y = -154 + 308. Suppose 3*s + 2*a + 2*a - y = 0, 54 = s + 4*a. What is the units digit of s?
0
Let a = 87 + -60. What is the tens digit of a?
2
What is the units digit of ((-48)/9 + 5)/(1/(-18))?
6
Suppose 0 = 3*g + a - 907, 578 = 3*g - 2*a - 344. What is the units digit of g?
4
Let w(q) be the third derivative of q**4/8 - 2*q**3/3 - q**2. Let n be w(4). Suppose n = 4*d - 2*d. What is the units digit of d?
4
Let u(n) = n + 8. Let f be u(-4). Suppose 2*b - f = 36. What is the units digit of b?
0
Suppose 2*j = -j - 192. What is the tens digit of j/(-8)*9/4?
1
Let t(c) = -c**3 - 3*c**2 + 4*c - 3. Let o be t(-4). Let z = -7 - 2. What is the units digit of 6*o/(z/3)?
6
Suppose 0 = 3*c - 2*c - 10. Let r(i) = -i**3 + 10*i**2 + 3*i - 13. What is the units digit of r(c)?
7
Suppose 0 = 3*w - 2*o - 54, 4*o - 6*o - 90 = -5*w. What is the tens digit of w?
1
Suppose 5*b = 2*x - 97, 0*x = -4*x + 2*b + 186. Suppose -4*q = -3*q - 10. What is the units digit of x/10 - (-4)/q?
5
Let w be (-2 + 2)/(-1 - -3). Let o be w/(-1)*1/(-3). Suppose o = -4*f + 2 + 2. What is the units digit of f?
1
Let s be 75/10*(-2)/(-3). Let b(n) = 3*n - 4. Let h(z) = 5*z - 7. Let u(y) = 7*b(y) - 4*h(y). What is the units digit of u(s)?
5
What is the tens digit of (-110)/(-2 + 0/(-1))?
5
Let c be 1/(-5)*(1 - 6). Let j = c + 6. What is the units digit of j?
7
Let u(b) = b**3 + 5*b**2 - 7*b + 6. Suppose 3*y - 12 - 24 = 0. Let g = y - 18. What is the tens digit of u(g)?
1
Let j(c) = -c**3 + 18*c**2 + 22*c - 43. What is the units digit of j(19)?
4
Let m = -10 - -4. Let j(z) = -z**3 - 6*z**2 + z - 6. Let q be j(m). Let d = -6 - q. What is the units digit of d?
6
Suppose 496 = 5*s + 61. What is the tens digit of s?
8
Suppose -a + 55 = 2*p - 7*p, -p = a + 5. What is the units digit of ((-4)/p)/((-2)/(-70))?
4
Suppose 0*o - 3*o = 39. Suppose 0 = 4*r - 3*m + 71, -3*r - 32 = -2*r + 4*m. Let k = o - r. What is the units digit of k?
7
Let r = -38 + 19. Let g = r - -36. What is the tens digit of g?
1
Let s(d) = 15*d**2 + d - 2. What is the tens digit of s(1)?
1
Let c = -29 - -61. What is the units digit of c?
2
What is the tens digit of 0/3 + (-5 - -38)?
3
Let f(t) = 3*t**3 + 3*t**2 + 7*t - 1. Let s(a) = -2*a**3 - 2*a**2 - 5*a + 1. Let q(i) = 5*f(i) + 7*s(i). What is the units digit of q(0)?
2
Let q(k) = k**3 + 3*k**2 - 2*k - 3. Let x be ((-45)/6)/5*2. Let t be q(x). Suppose -5 + 2 = -t*v. What is the units digit of v?
1
Let k(c) be the second derivative of 2*c**3/3 - c**2 + 2*c. Let z be k(2). What is the units digit of (-4)/z*3/(-2)?
1
Let s(k) = -k**2 + 2*k - 1. Let f be s(1). Let z(a) = -2*a**2 + 19. What is the units digit of z(f)?
9
Let c(a) = a**3 - 5*a**2 - a + 4. Let h be c(5). Let z = 8 - h. What is the units digit of z?
9
Suppose 7*a + 2*t = 2*a + 10, -a - t = -2. Suppose 4*i = -5*v + 93, -3*i + a*i = 2*v - 36. Let s = v - 10. What is the units digit of s?
7
Let k(m) = -2 - m**3 + 5*m**2 + 3*m - 5 + 2*m. Let n be k(5). What is the units digit of ((-2)/(-3))/(3/n)?
4
Let p = 67 - 10. What is the tens digit of p?
5
Let w(b) = b**2 - b - 2. Let h be w(2). Let r(f) = f**3 + f**2 + f + 6. What is the units digit of r(h)?
6
Let v(a) be the first derivative of a**4/4 - a**3/3 + a + 2. Let w be v(-1). Let g = 3 - w. What is the units digit of g?
4
What is the tens digit of 3/2*532/6?
3
What is the units digit of 79/9 + 44/198?
9
Let c(f) = -f**3 + 9*f**2 - 6*f + 1. Let s be c(4). What is the tens digit of (-3)/(-2 + s/33)?
1
Let r = -47 + 151. What is the tens digit of r?
0
Suppose 11 = 5*p - a, 7*a + 4 = 3*a. Suppose -p*k + x = -44, 3*k - k = -3*x + 52. What is the units digit of k?
3
What is the tens digit of 4/22 - 22640/(-110)?
0
Let n = 227 + -85. What is the hundreds digit of n?
1
Suppose 3*y + 2*m - 6 = 5, y - m - 2 = 0. Suppose 4*d - y*d - 3 = 0. What is the units digit of d?
3
Let s(k) = -k**3 + 9*k**2 + 5*k + 9. Let n(y) = -5*y**3 + 36*y**2 + 21*y + 36. Let a(w) = 2*n(w) - 9*s(w). What is the tens digit of a(-9)?
1
Let f(q) = 4*q. Let u be f(1). Suppose 2*d = 3*o - 75, -u*d = 3*o - 41 - 16. Suppose -3*v + 4 = -o. What is the units digit of v?
9
Let h(d) = -9*d**2 - 15*d - 13. Let g(a) = 4*a**2 + 7*a + 6. Let o(f) = 7*g(f) + 3*h(f). What is the units digit of o(-5)?
8
Let j be 2/4 + 12/8. Suppose 4*y = -4*p + 102 - 26, 0 = 4*y + j*p - 76. What is the units digit of y?
9
Let i = -65 + 113. Suppose -7*k + i = -5*k. What is the units digit of k?
4
Let z be (-1 - (-4 + 3))/2. Suppose -6 = -3*f - z*f. What is the units digit of f?
2
Suppose 6*o + 25 = 11*o. What is the units digit of o?
5
Suppose 6*s - 228 = 2*s. What is the tens digit of s?
5
Suppose -3*l = -5*y - 32, -5*y + 4*l + 0*l - 36 = 0. Let n(d) = d**3 + 4*d**2 - 5*d - 2. What is the tens digit of n(y)?
1
Suppose 120 = 2*v + 2*v. What is the tens digit of v?
3
Let v(x) = -3*x**2 - 2*x - 1. Let d(g) = 2*g + 6. Let m be d(-4). Let p be v(m). Let i = 15 + p. What is the units digit of i?
6
Suppose 5*l = 4*k - 495, 0 = -3*k - 3*l + l + 377. What is the hundreds digit of k?
1
Suppose 4*s + 4*f - 3*f - 24 = 0, -5*f = -5*s + 30. Let a(i) = -i**2 + 9*i - 15. What is the units digit of a(s)?
3
Suppose 0 = 3*n + 51 - 393. What is the units digit of n?
4
Let r(z) = 16*z. Let p = 7 - 6. What is the units digit of r(p)?
6
What is the tens digit of 1284/(-64)*-12 + (-1)/(-4)?
4
Suppose 3*h + 0*h = 114. What is the tens digit of h?
3
Let n = -117 - -290. What is the units digit of n?
3
Suppose -l + 10 = -0*l. What is the units digit of l?
0
What is the hundreds digit of 15/(5 - (-634)/(-128))?
3
Let a = 3 + -4. What is the units digit of a - (-24)/((-4)/(-2))?
1
Suppose -4 = -0*n - 3*n + 2*j, 5*n - 32 = -3*j. Let d = n + -10. What is the units digit of (-2)/d*(-2 - -14)?
4
What is the units digit of (-2*10)/(2/(-6))?
0
Suppose -60 = -4*u - 4*f, 0*u + 35 = 2*u - 3*f. Suppose 0 = q - 1 - 8. Let v = u - q. What is the units digit of v?
7
Let g = 282 + -159. What is the units digit of g?
3
Let y(j) = j**3 - 8*j**2 + 8*j + 4. Let q(s) = -s + 3. Let o be q(3). Suppose o = 5*l - 44 + 9. What is the units digit of y(l)?
1
Let y(f) = 2*f**2 + 3*f + 3. Let q be y(-9). Suppose 0 = 5*r - q - 7. What is the units digit of r?
9
Suppose 15*f - 3 = 14*f. Suppose -a + 4*l + 16 = -2, f*l = -3*a + 84. What is the units digit of a?
6
Suppose -12 = -2*j + 2*t, -18 = -5*j + j + 2*t. Let x(s) = -s + 5 + j*s - 1 - 3. What is the units digit of x(2)?
5
Suppose -h + 11 = 4*a - 3*a, 2*h - 14 = 2*a. What is the units digit of (-1)/((-10)/h - -1)?
9
Let q be (-24)/18*(1 - 4). Suppose 2*y = q*y - 16. What is the units digit of y?
8
Suppose -4*r - 6*u + 52 = -2*u, -u = -5*r + 95. What is the units digit of 822/r - 6/9?
5
Let z(o) be the first derivative of 11*o**3/3 + 3*o**2/2 + 5*o - 7. What is the units digit of z(-2)?
3
Let c(w) = w**3 - 8*w**2 + w + 9